{"id":1217,"date":"2014-12-15T12:23:14","date_gmt":"2014-12-15T11:23:14","guid":{"rendered":"http:\/\/bistro-lecoq.de\/WordPress\/?page_id=1217"},"modified":"2020-10-15T18:12:38","modified_gmt":"2020-10-15T17:12:38","slug":"ueber-uns","status":"publish","type":"page","link":"http:\/\/bistro-lecoq.de\/?page_id=1217","title":{"rendered":"\u00dcber uns"},"content":{"rendered":"<h4>Bistro Le Coq in Verl-Kaunitz<\/h4>\n<h5>Zwischen G\u00fctersloh, Bielefeld und Paderborn&#8230; in der N\u00e4he von Stukenbrock, Schlo\u00df-Holte und H\u00f6velhof&#8230; im Randgebiet zwischen Verl und Kaunitz&#8230; Mitten im Gr\u00fcnen, abseits von L\u00e4rm und Hektik: dort befindet sich das Bistro Le Coq.<\/h5>\n<h5>Bei uns k\u00f6nnen Sie in Ruhe schmackhafte Speisen genie\u00dfen oder bei einem guten Glas Wein einfach mal die Seele baumeln lassen und dem Alltag entfliehen. Unser Bistro ist der ideale Treffpunkt um mit Freunden, der Familie oder Kollegen einen gem\u00fctlichen Abend in entspannter Atmosph\u00e4re zu verbringen. Unsere G\u00e4ste bilden eine charmante Mischung aus jung und alt.<\/h5>\n<h5>In unserem Lokal finden Sie 80 Sitzpl\u00e4tze. Davon sind einige mit gem\u00fctlichen Sofas ausgestattet. Allgemein ist unser Restaurant sehr wohlig und warm gestaltet. Man findet hier vor allem sehr viele Holzelemente und ruhige Farben sowie stimmungsvolle Beleuchtung.<\/h5>\n<h5>Wenn die ersten Sonnenstrahlen gr\u00fc\u00dfen: F\u00fchlen Sie sich un unserem idyllischen Biergarten, als wenn Sie im Urlaub w\u00e4ren. Genie\u00dfen Sie den Ausblick auf die W\u00e4lder und Wiesen nach einem Spaziergang oder einer Radtour.<\/h5>\n<h5>St\u00e4rken Sie sich mit einem leckeren Gericht von unserer vielf\u00e4ltigen Speisekarte und einem frisch gezapften Bier. Insgesamt finden hier 150 Personen einen Platz mitten im Gr\u00fcnen. Auf dem liebevoll angelegten Kinderspielplatz k\u00f6nnen die Kleinen ausgiebig toben und spielen.<\/h5>\n<h5>Frische Zubereitung nach Bestellung: Unser K\u00fcchenteam ist stets bem\u00fcht, alle Gerichte so z\u00fcgig wie m\u00f6glich aber dennoch mit Sorgfalt und Liebe zuzubereiten. Bitte haben Sie daher Verst\u00e4ndnis f\u00fcr eventuelle Wartezeiten. Alle Gerichte k\u00f6nnen nat\u00fcrlich auch telefonisch bestellt und abgeholt werden.<\/h5>\n<h5>Unsere Philosophie; Wir wollen, dass SIE sich wohl f\u00fchlen!<\/h5>\n<h5>Es ist uns wichtig, dass Ihnen der Besuch unseres Bistros als rundum gelungener Abend in guter Erinnerung bleibt. Dazu tr\u00e4gt das entspannte, ungezwungene Ambiente ebbst bei, wie die Freundlichkeit unseres Service-Teams. F\u00fcr Anregungen, Lob, Kritik oder Verbesserungsvorschl\u00e4ge sind wir immer offen.<\/h5>\n","protected":false},"excerpt":{"rendered":"<p>Bistro Le Coq in Verl-Kaunitz Zwischen G\u00fctersloh, Bielefeld und Paderborn&#8230; in der N\u00e4he [&hellip;]<\/p>\n","protected":false},"author":1,"featured_media":0,"parent":1201,"menu_order":0,"comment_status":"closed","ping_status":"open","template":"","meta":{"jetpack_post_was_ever_published":false,"footnotes":""},"jetpack_sharing_enabled":true,"jetpack_shortlink":"https:\/\/wp.me\/PaOX4N-jD","_links":{"self":[{"href":"http:\/\/bistro-lecoq.de\/index.php?rest_route=\/wp\/v2\/pages\/1217"}],"collection":[{"href":"http:\/\/bistro-lecoq.de\/index.php?rest_route=\/wp\/v2\/pages"}],"about":[{"href":"http:\/\/bistro-lecoq.de\/index.php?rest_route=\/wp\/v2\/types\/page"}],"author":[{"embeddable":true,"href":"http:\/\/bistro-lecoq.de\/index.php?rest_route=\/wp\/v2\/users\/1"}],"replies":[{"embeddable":true,"href":"http:\/\/bistro-lecoq.de\/index.php?rest_route=%2Fwp%2Fv2%2Fcomments&post=1217"}],"version-history":[{"count":7,"href":"http:\/\/bistro-lecoq.de\/index.php?rest_route=\/wp\/v2\/pages\/1217\/revisions"}],"predecessor-version":[{"id":1474,"href":"http:\/\/bistro-lecoq.de\/index.php?rest_route=\/wp\/v2\/pages\/1217\/revisions\/1474"}],"up":[{"embeddable":true,"href":"http:\/\/bistro-lecoq.de\/index.php?rest_route=\/wp\/v2\/pages\/1201"}],"wp:attachment":[{"href":"http:\/\/bistro-lecoq.de\/index.php?rest_route=%2Fwp%2Fv2%2Fmedia&parent=1217"}],"curies":[{"name":"wp","href":"https:\/\/api.w.org\/{rel}","templated":true}]}}